{"id":8052,"date":"2019-03-26T10:44:44","date_gmt":"2019-03-26T10:44:44","guid":{"rendered":"http:\/\/10.0.1.180\/?page_id=8052"},"modified":"2019-07-25T10:30:51","modified_gmt":"2019-07-25T10:30:51","slug":"vertigine-2018","status":"publish","type":"page","link":"http:\/\/www.torinodanzafestival.it\/?page_id=8052","title":{"rendered":"Vertigine #2 \/ Luglio 2019"},"content":{"rendered":"<div class=\"wpb-content-wrapper\"><p>[vc_row][vc_column][vc_column_text]<div id=\"layerslider_4_u61cauwmou\"  class=\"ls-wp-container fitvidsignore ls-selectable\" style=\"width:1280px;height:400px;margin:0 auto;margin-bottom: 0px;\"><div class=\"ls-slide\" ><img loading=\"lazy\" decoding=\"async\" width=\"3000\" height=\"597\" src=\"http:\/\/www.torinodanzafestival.it\/wp-content\/uploads\/2020\/07\/andiamo-ITA_2020.jpg\" class=\"ls-bg\" alt=\"\" srcset=\"http:\/\/www.torinodanzafestival.it\/wp-content\/uploads\/2020\/07\/andiamo-ITA_2020.jpg 3000w, http:\/\/www.torinodanzafestival.it\/wp-content\/uploads\/2020\/07\/andiamo-ITA_2020-300x60.jpg 300w, http:\/\/www.torinodanzafestival.it\/wp-content\/uploads\/2020\/07\/andiamo-ITA_2020-768x153.jpg 768w, http:\/\/www.torinodanzafestival.it\/wp-content\/uploads\/2020\/07\/andiamo-ITA_2020-1024x204.jpg 1024w, http:\/\/www.torinodanzafestival.it\/wp-content\/uploads\/2020\/07\/andiamo-ITA_2020-600x119.jpg 600w, http:\/\/www.torinodanzafestival.it\/wp-content\/uploads\/2020\/07\/andiamo-ITA_2020-1612x321.jpg 1612w, http:\/\/www.torinodanzafestival.it\/wp-content\/uploads\/2020\/07\/andiamo-ITA_2020-1116x222.jpg 1116w, http:\/\/www.torinodanzafestival.it\/wp-content\/uploads\/2020\/07\/andiamo-ITA_2020-806x160.jpg 806w, http:\/\/www.torinodanzafestival.it\/wp-content\/uploads\/2020\/07\/andiamo-ITA_2020-558x111.jpg 558w, http:\/\/www.torinodanzafestival.it\/wp-content\/uploads\/2020\/07\/andiamo-ITA_2020-655x130.jpg 655w\" sizes=\"auto, (max-width: 3000px) 100vw, 3000px\" \/><\/div><\/div>[\/vc_column_text][vc_column_text]<\/p>\n<h1><span style=\"color: #000000;\">Vertigine#2<\/span><\/h1>\n<p>[\/vc_column_text][\/vc_column][\/vc_row][vc_row][vc_column width=&#8221;1\/4&#8243; css=&#8221;.vc_custom_1526398504176{background-color: #ffffff !important;}&#8221;][vc_column_text]<img loading=\"lazy\" decoding=\"async\" class=\"alignnone wp-image-6851\" src=\"http:\/\/www.torinodanzafestival.it\/wp-content\/uploads\/2018\/05\/CorpoLinksCluster_CMJN.png\" alt=\"CorpoLinksCluster_CMJN\" width=\"163\" height=\"60\" srcset=\"http:\/\/www.torinodanzafestival.it\/wp-content\/uploads\/2018\/05\/CorpoLinksCluster_CMJN.png 539w, http:\/\/www.torinodanzafestival.it\/wp-content\/uploads\/2018\/05\/CorpoLinksCluster_CMJN-300x110.png 300w\" sizes=\"auto, (max-width: 163px) 100vw, 163px\" \/><\/p>\n<p><img loading=\"lazy\" decoding=\"async\" class=\"alignnone wp-image-6858\" src=\"http:\/\/www.torinodanzafestival.it\/wp-content\/uploads\/2018\/05\/interreg_ALCOTRA_IT_GREYSCALE.png\" alt=\"\" width=\"190\" height=\"65\" \/>[\/vc_column_text][\/vc_column][vc_column width=&#8221;3\/4&#8243;][vc_column_text]<\/p>\n<h3><span style=\"color: #000000;\"><strong>Avigliana \/ Sestriere \/ Prali<\/strong><\/span><\/h3>\n<p style=\"text-align: justify;\">Continua anche quest\u2019anno tra le valli della montagna piemontese, #VERTIGINE all\u2019interno del progetto Corpo Links Cluster finanziato\u00a0dal programma europeo ALCOTRA (Alpi Latine Cooperazione TRAnsfrontaliera) che coinvolge l\u2019Espace Malraux &#8211; Sc\u00e8ne Nationale de Chamb\u00e9ry (capofila), Teatro Stabile di Torino &#8211; Teatro Nazionale\/Torinodanza festival, Associazione Dislivelli di Torino e Universit\u00e9 Savoie Mont Blanc. Grazie a un sistema di residenze, laboratori e spettacoli, la danza arriva quest\u2019anno ad Avigliana e Sestriere in Val di Susa, a Prali in Val Germanasca. La montagna diventa luogo di spettacolo e anche materia stessa di costruzione innovativa di un progetto artistico: Piergiorgio Milano lavorer\u00e0 sulla falesia di Avigliana per elaborare il gesto dell\u2019arrampicata, passando\u00a0attraverso workshop e residenze sul territorio; Silvia Gribaudi impegner\u00e0 l\u2019intera comunit\u00e0 tra la Val Chisone e la Val Germanasca\u00a0 per presentare una prima traccia di creazione a Prali in Luglio; contemporaneamente Marco Chenevier guider\u00e0 un laboratorio a\u00a0Sestriere coinvolgendo giovani sciatori, con performance finale. I\u00a0nostri tre artisti arriveranno poi a Torino in autunno per presentare il loro lavoro all\u2019interno del Festival. Piergiorgio Milano con White Out, nuovo spettacolo al suo debutto assoluto; Silvia Gribaudi e Marco Chenevier con le loro performance elaborate in altitudine e\u00a0che saranno presentate in forma definitiva a Torino nel 2020.<\/p>\n<p>[\/vc_column_text][\/vc_column][\/vc_row][vc_row full_width=&#8221;stretch_row&#8221; css=&#8221;.vc_custom_1560435614528{background-color: #f2f2f2 !important;}&#8221;][vc_column css=&#8221;.vc_custom_1560435639875{background-color: #f2f2f2 !important;}&#8221;][vc_column_text]<\/p>\n<h2 style=\"text-align: center;\"><a href=\"http:\/\/www.corpolinkscluster.eu\/\" target=\"_blank\" rel=\"noopener\"><span style=\"color: #333333;\"><strong>corpolinkscluster.eu<\/strong><\/span><\/a><\/h2>\n<p>[\/vc_column_text][\/vc_column][\/vc_row][vc_row full_width=&#8221;stretch_row&#8221; css=&#8221;.vc_custom_1560176225428{background-color: #fff200 !important;}&#8221;][vc_column css=&#8221;.vc_custom_1560176213082{background-color: #fff200 !important;}&#8221;][vc_column_text][\/vc_column_text][\/vc_column][\/vc_row][vc_row][vc_column][vc_column_text]<\/p>\n<h1><span style=\"color: #000000;\">ITALIA<\/span><\/h1>\n<p>[\/vc_column_text][\/vc_column][\/vc_row][vc_row][vc_column width=&#8221;1\/3&#8243;][vc_single_image image=&#8221;8677&#8243; img_size=&#8221;360X216&#8243; style=&#8221;vc_box_rounded&#8221; css_animation=&#8221;fadeIn&#8221;][vc_column_text]<\/p>\n<h3><span style=\"color: #000000;\">26 luglio 2019 ore 21.00<\/span><br \/>\n<span style=\"color: #000000;\">AVIGLIANA<\/span><br \/>\n<span style=\"color: #000000;\">Palestra di Roccia (Via IV Novembre)<strong><br \/>\nAU BOUT DES DOIGTS<br \/>\n<span style=\"color: #808080;\">\/ Piergiorgio Milano<\/span><br \/>\n<\/strong><\/span><\/h3>\n<p>Performance site-specific <em><strong>AU BOUT DES DOIGTS<\/strong><\/em><strong><br \/>\n<\/strong>Piergiorgio Milano esplora la relazione tra danza e arrampicata in Au bout des doigts, una performance site-specific alla storica Palestra di Roccia di Avigliana, localit\u00e0 della bassa Val di Susa.<strong><br \/>\n<\/strong><\/p>\n<hr \/>\n<p>a seguire<\/p>\n<h3><span style=\"color: #333333;\"><strong>Incontro<br \/>\n<\/strong><\/span><strong><span style=\"color: #808080;\">\/ Piergiorgio Milano e Anna Torretta<\/span><br \/>\n<\/strong><\/h3>\n<p>Al termine della performance, il coreografo e l\u2019alpinista Anna Torretta, prima e unica donna guida alpina di Courmayeur, dialogano di arrampicata, gesto acrobatico ed equilibrio.<br \/>\nModera <strong>Enrico Camanni<br \/>\n<\/strong><\/p>\n<hr \/>\n<p><em>in collaborazione con Comune di Avigliana<br \/>\ne CAI &#8211; Sottosezione Avigliana<\/em><strong><br \/>\nINGRESSO GRATUITO <\/strong>[\/vc_column_text][\/vc_column][vc_column width=&#8221;1\/3&#8243;][vc_single_image image=&#8221;8588&#8243; img_size=&#8221;360X216&#8243; style=&#8221;vc_box_rounded&#8221; css_animation=&#8221;fadeIn&#8221;][vc_column_text]<\/p>\n<h3><span style=\"color: #000000;\"><strong>27 luglio 2019 ore 17.00<br \/>\n<\/strong><\/span><strong><span style=\"color: #000000;\">SESTRIERE<\/span><br \/>\n<\/strong><span style=\"color: #000000;\"><strong>Piazza Fraiteve<span style=\"color: #ff0000;\">*<\/span><br \/>\nIL CORPO IN BILICO<br \/>\n<span style=\"color: #808080;\">\/ Marco Chenevier<\/span><br \/>\n<\/strong><\/span><\/h3>\n<p>Performance a chiusura del laboratorio<br \/>\n<em><strong>IL CORPO IN BILICO<\/strong><\/em><\/p>\n<p>Valdostano e sciatore in origine, Marco Chenevier e i giovani atleti degli sci club di Sestriere presentano l\u2019esito di un percorso laboratoriale di teatro fisico, acrobatica e danza, alla scoperta del proprio corpo sportivo disponibile non solo all&#8217;azione, ma anche alla competizione e alla esplosione dei sensi.<\/p>\n<hr \/>\n<p>a seguire<\/p>\n<h3><span style=\"color: #333333;\"><strong>Incontro<br \/>\n<\/strong><\/span><strong><span style=\"color: #808080;\">\/ Marco Chenevier e Piero Gros<\/span><br \/>\n<\/strong><\/h3>\n<p>Al termine della performance, il coreografo dialoga con Piero Gros, grande protagonista dello sci italiano degli anni \u201970, medaglia d&#8217;oro di Sci alpino ai XII Giochi olimpici invernali di Innsbruck e vincitore di numerose coppe del mondo.<br \/>\nModera <strong>Enrico Camanni<\/strong><\/p>\n<hr \/>\n<p><i>In collaborazione con Comune di Sestriere e Sci Club Sestriere<\/i><br \/>\n<strong>INGRESSO GRATUITO <\/strong><\/p>\n<p><span style=\"color: #ff0000;\">*In caso di maltempo, la performance e l&#8217;incontro si svolgeranno presso la Sala della Proloco &#8211; via Louset &#8211; <em>Sestriere<\/em><br \/>\n<\/span>[\/vc_column_text][\/vc_column][vc_column width=&#8221;1\/3&#8243;][vc_single_image image=&#8221;8392&#8243; img_size=&#8221;360X216&#8243; style=&#8221;vc_box_rounded&#8221; css_animation=&#8221;fadeIn&#8221;][vc_column_text]<\/p>\n<h3><span style=\"color: #000000;\"><strong>28 luglio 2019<br \/>\n<\/strong><strong>PRALI<br \/>\n<\/strong><strong>ore 11.00<\/strong> | <strong>Conca dei 13 Laghi (Seggiovie 13 Laghi)<br \/>\n<\/strong>TREKKING COREOGRAFICO<\/span><br \/>\n<span style=\"color: #808080;\">\/ Silvia Gribaudi<\/span><\/h3>\n<p>Un\u2019intera giornata nel cuore della Val Germanasca. Al mattino un trekking coreografico curato da Silvia Gribaudi: una passeggiata con incursioni danzanti alla scoperta della Conca dei 13 Laghi. <a href=\"http:\/\/www.torinodanzafestival.it\/wp-content\/uploads\/2019\/07\/mappa_prali_def.pdf\" target=\"_blank\" rel=\"noopener\">Scarica la mappa \u00bb<\/a><br \/>\n<span style=\"color: #808080;\"><strong>Ritrovo alle ore 11.00 alla seggiovia dei 13 Laghi. Durata del trekking dalle ore 11.30\u00a0 alle ore 13.00.<\/strong><\/span><br \/>\n<strong>seggiovia 7\u20ac A\/R<\/strong><\/p>\n<hr \/>\n<h3><strong><span style=\"color: #333333;\">ore 16.00 | Piazza Giovanni Perro<\/span><br \/>\n<span style=\"color: #333333;\">MON JOUR! LAB<\/span><br \/>\n<\/strong><span style=\"color: #808080;\">\/ Silvia Gribaudi<\/span><\/h3>\n<p>Nel pomeriggio, nella piazza principale di Prali, una performance che coinvolge la comunit\u00e0 e le persone che hanno partecipato al laboratorio di teatro-danza condotto da Silvia Gribaudi.<\/p>\n<hr \/>\n<p>a seguire<\/p>\n<h3><span style=\"color: #333333;\"><strong>Incontro<br \/>\n<\/strong><\/span><span style=\"color: #808080;\">\/ Silvia Gribaudi e Irene Borgna<\/span><\/h3>\n<p>A chiusura della performance, un incontro tra la coreografa e la scrittrice e antropologa Irene Borgna sul tema del rapporto tra l\u2019uomo e la montagna.<br \/>\nModera <strong>Enrico Camanni<\/strong><\/p>\n<hr \/>\n<h3><span style=\"color: #333333;\"><strong>Concerto folk occitano<\/strong><\/span><br \/>\n<span style=\"color: #808080;\">\/Trigomigo<\/span><\/h3>\n<p>Un\u2019occasione di festa che si concluder\u00e0 con il concerto di musica occitana del gruppo Trigomigo e un ballo in piazza.<\/p>\n<hr \/>\n<p><em>in collaborazione con Comune di Prali<br \/>\nPrali Ski Area, Pralibro e AGAPE<br \/>\n<\/em><strong>INGRESSO GRATUITO <\/strong><\/p>\n<hr \/>\n<p>NAVETTA GRATUITA TORINO-PRALI A\/R<br \/>\nInfo e prenotazione (obbligatoria)<br \/>\nagenzia@buscompany.it &#8211; 011\/2261941 int.1[\/vc_column_text][\/vc_column][\/vc_row][vc_row full_width=&#8221;stretch_row&#8221; css=&#8221;.vc_custom_1561637271938{background-color: #f4f4f4 !important;}&#8221;][vc_column][vc_column_text]<\/p>\n<h2 style=\"text-align: center;\"><span style=\"color: #333333;\"><strong>RESIDENZE \/ LABORATORI SUL TERRITORIO<\/strong><\/span><\/h2>\n<p>[\/vc_column_text][\/vc_column][\/vc_row][vc_row full_width=&#8221;stretch_row&#8221; css=&#8221;.vc_custom_1561637337109{background-color: #f4f4f4 !important;}&#8221;][vc_column width=&#8221;1\/3&#8243;][vc_column_text]<strong>15-20 APRILE \/ <\/strong><span style=\"color: #333333;\"><strong>27 MAGGIO &#8211; 2 GIUGNO<\/strong><br \/>\n<strong>15-28 LUGLIO<\/strong><br \/>\nSala Polivalente Prali Villa &#8211; Silvia Gribaudi<\/span>[\/vc_column_text][\/vc_column][vc_column width=&#8221;1\/3&#8243;][vc_column_text]<strong><span style=\"color: #333333;\">5-9 LUGLIO \/ 18-26 LUGLIO<br \/>\n<\/span><\/strong>Palestra La Fabbrica e Palestra di Roccia Avigliana<br \/>\nPiergiorgio Milano[\/vc_column_text][\/vc_column][vc_column width=&#8221;1\/3&#8243;][vc_column_text]<strong>15-27 LUGLIO<\/strong><br \/>\nSala della Proloco Sestriere<br \/>\nMarco Chenevier[\/vc_column_text][\/vc_column][\/vc_row][vc_row full_width=&#8221;stretch_row&#8221; css=&#8221;.vc_custom_1561637314784{margin-bottom: 30px !important;background-color: #fff200 !important;}&#8221;][vc_column css=&#8221;.vc_custom_1560176213082{background-color: #fff200 !important;}&#8221;][vc_column_text]<\/p>\n<h1 style=\"text-align: center;\"><a href=\"http:\/\/www.torinodanzafestival.it\/wp-content\/uploads\/2019\/06\/vertigine_2019_web.pdf\" target=\"_blank\" rel=\"noopener\"><span style=\"color: #000000;\">SCARICA IL PROGRAMMA<\/span><\/a><\/h1>\n<p>[\/vc_column_text][\/vc_column][\/vc_row][vc_row][vc_column][vc_column_text css=&#8221;.vc_custom_1560782627905{margin-bottom: 5px !important;border-bottom-width: 0px !important;padding-bottom: 0px !important;}&#8221;]<\/p>\n<h1><span style=\"color: #000000;\">FRANCIA<\/span><\/h1>\n<p>[\/vc_column_text][vc_column_text css=&#8221;.vc_custom_1560782689882{margin-top: 0px !important;border-top-width: 0px !important;padding-top: 0px !important;}&#8221;]<\/p>\n<h3><a href=\"http:\/\/malrauxchambery.fr\" target=\"_blank\" rel=\"noopener\">malrauxchambery.fr<\/a><\/h3>\n<p>[\/vc_column_text][\/vc_column][\/vc_row][vc_row][vc_column width=&#8221;1\/3&#8243;][vc_single_image image=&#8221;8518&#8243; img_size=&#8221;full&#8221; style=&#8221;vc_box_rounded&#8221; css_animation=&#8221;fadeIn&#8221;][vc_column_text]<\/p>\n<h3><strong><span style=\"color: #000000;\">8 luglio 2019 ore 18.00<\/span><br \/>\n<\/strong><span style=\"color: #000000;\"><strong>VAL CENIS LANSLEBOURG<\/strong><\/span><br \/>\n<span style=\"color: #000000;\">Piazza de l&#8217;Auditorium<\/span><br \/>\n<span style=\"color: #000000;\">LA GRANDE CLASSE<\/span><br \/>\n<span style=\"color: #000000;\">CORSO COLLETTIVO DI DANZA<\/span><br \/>\n<span style=\"color: #808080;\">\/ Compagnia DCA Philippe Decoufl\u00e9<\/span><\/h3>\n<p>Dalle Olimpiadi invernali del 1992, i paesaggi della Maurienne restano tuttora per Philippe Decoufl\u00e9 i pi\u00f9 belli del mondo: il coreografo e due ballerini della Compagnia DCA Philippe Decoufl\u00e9 propongono in esclusiva un corso di danza collettiva all&#8217;aperto per il lancio di ANDIAMO!<\/p>\n<p><strong>Seguir\u00e0 un aperitivo<\/strong>[\/vc_column_text][\/vc_column][vc_column width=&#8221;1\/3&#8243;][vc_single_image image=&#8221;8519&#8243; img_size=&#8221;full&#8221; style=&#8221;vc_box_rounded&#8221; css_animation=&#8221;fadeIn&#8221;][vc_column_text]<\/p>\n<h3><strong><span style=\"color: #000000;\">10, 11, 12 luglio 2019 ore 19.00<\/span><br \/>\n<\/strong><span style=\"color: #000000;\"><strong>AUSSOIS <\/strong><strong>Piazza<br \/>\n<\/strong>POLIS<\/span><br \/>\n<span style=\"color: #808080;\">\/ Compagnia Akt\u00e9<\/span><\/h3>\n<p>In un container di vetro, calato nel paesaggio naturale della Maurienne, gli attori dialogano con i passanti invitandoli a riflettere sulla definizione di felicit\u00e0. Questa performance \u00e8 un invito a vivere l\u2019esperienza unica e collettiva di uno scambio di vedute all&#8217;interno di uno spazio pubblico.[\/vc_column_text][\/vc_column][vc_column width=&#8221;1\/3&#8243;][vc_single_image image=&#8221;8520&#8243; img_size=&#8221;full&#8221;][vc_column_text]<\/p>\n<h3><strong><span style=\"color: #000000;\">11, 12, 13 luglio 2019 ore 14.30<\/span><br \/>\n<\/strong><span style=\"color: #000000;\"><strong>AUSSOIS<\/strong> <strong>Rifugio de Plan Sec<br \/>\n<\/strong>CIEL OUVERT<\/span><br \/>\n<span style=\"color: #808080;\">\/ Compagnia Kubilai Khan Investigations<\/span><\/h3>\n<p>Una carrellata di paesaggi, danze e creazioni sonore in situ alla scoperta di nuovi approcci per conoscere gli spazi all\u2019aria aperta.<br \/>\nUn percorso artistico coreografico, un itinerario che conduce escursionisti, turisti e curiosi alla scoperta della maestosit\u00e0 dei paesaggi della Haute-Maurienne.<\/p>\n<p><span style=\"color: #000000;\"><strong>Per la salita accompagnata, appuntamento alle ore 11.00 al parcheggio della Carri\u00e8re d&#8217;Aussois. Prevedete un picnic o la possibilit\u00e0 di pranzare al rifugio.<\/strong><\/span>[\/vc_column_text][\/vc_column][\/vc_row][vc_row][vc_column][vc_separator][\/vc_column][\/vc_row][vc_row][vc_column width=&#8221;1\/3&#8243;][vc_single_image image=&#8221;8525&#8243; img_size=&#8221;full&#8221; style=&#8221;vc_box_rounded&#8221; css_animation=&#8221;fadeIn&#8221;][vc_column_text]<\/p>\n<h3><span style=\"color: #000000;\"><strong>15 luglio 2019 <\/strong><strong>ore 18.00<br \/>\n<\/strong><strong>16 luglio 2019 ore 14.30<br \/>\n<\/strong><strong>FOURNEAUX<br \/>\n<\/strong><strong>La Cath\u00e9drale<\/strong><\/span><br \/>\n<span style=\"color: #333333;\">ROH\u00d6L<\/span><br \/>\n<span style=\"color: #808080;\">\/ Compagnia Zirkus Morsa<\/span><\/h3>\n<p>Due giovani artisti circensi, in equilibrio su materiali di recupero, propongono una performance corporea poetica sulle ricchezze del sottosuolo. Uno spettacolo che rappresenta la sensazione di divario tra la natura e l&#8217;uomo, la distruzione e la costruzione e la ricerca di momenti d&#8217;equilibrio con se stessi, con gli altri e con il mondo.<\/p>\n<p><span style=\"color: #000000;\"><strong>Antico deposito di stoccaggio di carta, &#8220;La Cath\u00e9drale&#8221; situato accanto al cinema L&#8217;Embellie.<\/strong><\/span>[\/vc_column_text][\/vc_column][vc_column width=&#8221;1\/3&#8243;][vc_single_image image=&#8221;8526&#8243; img_size=&#8221;full&#8221; style=&#8221;vc_box_rounded&#8221; css_animation=&#8221;fadeIn&#8221;][vc_column_text]<\/p>\n<h3><span style=\"color: #000000;\"><strong>17 luglio 2019 ore 21.00<br \/>\n<\/strong><strong>SAINT-L<\/strong>\u00c9GER<\/span><br \/>\n<span style=\"color: #000000;\"><strong>Rocher du Mollard<br \/>\n<\/strong>AU BOUT DES DOIGTS<\/span><br \/>\n<span style=\"color: #808080;\">\/ Piergiorgio Milano<\/span><\/h3>\n<p>Un invito ai piedi della parete per sperimentare il turbamento della vertigine grazie al lavoro nato dall&#8217;incontro tra arrampicatori e artisti circensi. Associando arte coreografica, esperienza teatrale e arrampicata, questa performance esprime con eleganza, naturalezza e imprevidibilit\u00e0 un lavoro di creazione\/improvvisazione e d\u00e0 forma al corpo e al movimento in uno spazio-tempo, mettendo a confronto due linee di forza di orizzontalit\u00e0 e verticalit\u00e0.[\/vc_column_text][\/vc_column][vc_column width=&#8221;1\/3&#8243;][vc_single_image image=&#8221;8527&#8243; img_size=&#8221;full&#8221; style=&#8221;vc_box_rounded&#8221; css_animation=&#8221;fadeIn&#8221;][vc_column_text]<\/p>\n<h3><span style=\"color: #000000;\"><strong>20 luglio 2019 ore 14.00<br \/>\n<\/strong><strong>VAL CENIS<br \/>\n<\/strong><strong>Casa Italo &#8211; Francese<br \/>\n<\/strong>AUDIOGUIDA: IL MONCENISIO<\/span><br \/>\n<span style=\"color: #808080;\">\/ Fanny de Chaill\u00e9<\/span><\/h3>\n<p>Fare un&#8217;audioguida: narrare un luogo dando la parola ai suoi abitanti. Lasciarsi guidare dalle voci, quelle della gente che ha vissuto e vive tuttora al Moncenisio. Attraverso una serie di aneddoti si ripercorre la storia di un paese e del suo paesaggio.<\/p>\n<p><strong><span style=\"color: #333333;\">Avvio delle prime audioguide durante la festa annuale del Moncenisio!<\/span><\/strong>[\/vc_column_text][\/vc_column][\/vc_row][vc_row full_width=&#8221;stretch_row&#8221; css=&#8221;.vc_custom_1560176225428{background-color: #fff200 !important;}&#8221;][vc_column css=&#8221;.vc_custom_1560176213082{background-color: #fff200 !important;}&#8221;][vc_single_image image=&#8221;8513&#8243; img_size=&#8221;full&#8221; alignment=&#8221;center&#8221;][\/vc_column][\/vc_row]<\/p>\n<\/div>","protected":false},"excerpt":{"rendered":"<p>[vc_row][vc_column][vc_column_text][\/vc_column_text][vc_column_text] Vertigine#2 [\/vc_column_text][\/vc_column][\/vc_row][vc_row][vc_column width=&#8221;1\/4&#8243; css=&#8221;.vc_custom_1526398504176{background-color: #ffffff !important;}&#8221;][vc_column_text] [\/vc_column_text][\/vc_column][vc_column width=&#8221;3\/4&#8243;][vc_column_text] Avigliana \/ Sestriere \/ Prali Continua anche quest\u2019anno tra le valli della montagna piemontese, #VERTIGINE all\u2019interno del progetto Corpo Links Cluster finanziato\u00a0dal programma europeo ALCOTRA (Alpi Latine Cooperazione TRAnsfrontaliera) che coinvolge l\u2019Espace Malraux &#8211; Sc\u00e8ne Nationale de Chamb\u00e9ry (capofila), Teatro Stabile di Torino &#8211; Teatro Nazionale\/Torinodanza&hellip;<\/p>\n","protected":false},"author":1,"featured_media":0,"parent":0,"menu_order":0,"comment_status":"closed","ping_status":"closed","template":"","meta":{"_acf_changed":false,"footnotes":""},"class_list":["post-8052","page","type-page","status-publish","hentry"],"acf":[],"_links":{"self":[{"href":"http:\/\/www.torinodanzafestival.it\/index.php?rest_route=\/wp\/v2\/pages\/8052","targetHints":{"allow":["GET"]}}],"collection":[{"href":"http:\/\/www.torinodanzafestival.it\/index.php?rest_route=\/wp\/v2\/pages"}],"about":[{"href":"http:\/\/www.torinodanzafestival.it\/index.php?rest_route=\/wp\/v2\/types\/page"}],"author":[{"embeddable":true,"href":"http:\/\/www.torinodanzafestival.it\/index.php?rest_route=\/wp\/v2\/users\/1"}],"replies":[{"embeddable":true,"href":"http:\/\/www.torinodanzafestival.it\/index.php?rest_route=%2Fwp%2Fv2%2Fcomments&post=8052"}],"version-history":[{"count":115,"href":"http:\/\/www.torinodanzafestival.it\/index.php?rest_route=\/wp\/v2\/pages\/8052\/revisions"}],"predecessor-version":[{"id":8715,"href":"http:\/\/www.torinodanzafestival.it\/index.php?rest_route=\/wp\/v2\/pages\/8052\/revisions\/8715"}],"wp:attachment":[{"href":"http:\/\/www.torinodanzafestival.it\/index.php?rest_route=%2Fwp%2Fv2%2Fmedia&parent=8052"}],"curies":[{"name":"wp","href":"https:\/\/api.w.org\/{rel}","templated":true}]}}