{"id":3590,"date":"2015-04-20T09:34:04","date_gmt":"2015-04-20T09:34:04","guid":{"rendered":"http:\/\/10.0.1.180\/?page_id=3590"},"modified":"2026-04-29T09:53:33","modified_gmt":"2026-04-29T09:53:33","slug":"3590-2","status":"publish","type":"page","link":"https:\/\/www.torinodanzafestival.it\/","title":{"rendered":"home"},"content":{"rendered":"<div class=\"wpb-content-wrapper\"><p>[vc_row full_width=&#8221;stretch_row_content_no_spaces&#8221; equal_height=&#8221;yes&#8221; content_placement=&#8221;middle&#8221; parallax=&#8221;content-moving-fade&#8221; css=&#8221;.vc_custom_1745319217429{margin-top: 0px !important;margin-right: 0px !important;margin-bottom: 0px !important;margin-left: 0px !important;border-top-width: 0px !important;border-right-width: 0px !important;border-bottom-width: 0px !important;border-left-width: 0px !important;padding-top: 0px !important;padding-right: 0px !important;padding-bottom: 0px !important;padding-left: 0px !important;background-position: center;background-repeat: no-repeat;background-size: cover !important;}&#8221;][vc_column css=&#8221;.vc_custom_1746785242888{margin-top: 0px !important;margin-bottom: 0px !important;border-top-width: 0px !important;border-bottom-width: 0px !important;padding-top: 0px !important;padding-bottom: 0px !important;}&#8221; offset=&#8221;vc_hidden-xs&#8221;][layerslider_vc id=&#8221;3&#8243;][\/vc_column][\/vc_row][vc_row full_width=&#8221;stretch_row_content_no_spaces&#8221; equal_height=&#8221;yes&#8221; content_placement=&#8221;middle&#8221; parallax=&#8221;content-moving-fade&#8221; css=&#8221;.vc_custom_1745319217429{margin-top: 0px !important;margin-right: 0px !important;margin-bottom: 0px !important;margin-left: 0px !important;border-top-width: 0px !important;border-right-width: 0px !important;border-bottom-width: 0px !important;border-left-width: 0px !important;padding-top: 0px !important;padding-right: 0px !important;padding-bottom: 0px !important;padding-left: 0px !important;background-position: center;background-repeat: no-repeat;background-size:cover !important;}&#8221;][vc_column css=&#8221;.vc_custom_1746785232422{margin-top: 0px !important;margin-bottom: 0px !important;border-top-width: 0px !important;border-bottom-width: 0px !important;padding-top: 0px !important;padding-bottom: 0px !important;}&#8221; offset=&#8221;vc_hidden-lg vc_hidden-md vc_hidden-sm&#8221;][layerslider_vc id=&#8221;5&#8243;][\/vc_column][\/vc_row][vc_row full_width=&#8221;stretch_row&#8221; css=&#8221;.vc_custom_1745320832242{margin-top: 10px !important;border-top-width: 10px !important;padding-top: 10px !important;background-color: rgba(211,211,211,0.25) !important;*background-color: rgb(211,211,211) !important;}&#8221;][vc_column width=&#8221;1\/4&#8243; offset=&#8221;vc_hidden-xs&#8221;][vc_column_text css=&#8221;&#8221;]<\/p>\n<div class=\"wpb_text_column wpb_content_element\">\n<div class=\"wpb_wrapper\">\n<p><strong>TORINODANZA 2026<\/strong><\/p>\n<\/div>\n<\/div>\n<div class=\"wpb_text_column wpb_content_element\">\n<div class=\"wpb_wrapper\">\n<p><span style=\"font-size: 16px;\"><em>L&#8217;immagine dell&#8217;edizione 2026 \u00e8 di<br \/>\nPrince Gyasi, The Process II, (2025)<br \/>\ncourtesy of MA\u00c2T Gallery<\/em><\/span><\/p>\n<\/div>\n<\/div>\n<p>[\/vc_column_text][\/vc_column][vc_column width=&#8221;3\/4&#8243;][vc_column_text css=&#8221;&#8221;]<\/p>\n<h2>DANCE MATTERS. <em>LA DANZA \u00c8 IMPORTANTE<\/em><\/h2>\n<p><strong>di Anna Cremonini<\/strong><br \/>\n<em><strong>direttrice artistica di Torinodanza festival<\/strong><\/em><\/p>\n<p>Un festival \u00e8 una creatura viva e come tale si modifica nel tempo e assume forme e dinamiche diverse. Torinodanza \u00e8 riconosciuto e seguito; \u00e8 EXTRA nel suo articolarsi lungo tutto l\u2019anno; \u00e8 luogo di spettacolo ma anche di riflessione, esperienze e di relazioni internazionali. Cuore pulsante \u00e8 la programmazione autunnale che nell\u2019edizione 2026 si configura come una vera e propria geografia del movimento, in cui le compagnie, provenienti da Europa, America e Asia, delineano una mappa di estetiche che dialogano tra tradizione, sperimentazione, riflessioni sul presente e sguardi sul mondo. In questi anni ho imparato molto grazie alle persone e alle istituzioni che mi hanno accompagnato. Dal Teatro Stabile di Torino che cura con passione e dedizione l\u2019organizzazione del festival e dalla Citt\u00e0 di Torino che comprende il valore che una manifestazione internazionale restituisce alla comunit\u00e0.\u00a0<strong><a href=\"https:\/\/www.torinodanzafestival.it\/?page_id=13950\" target=\"_blank\" rel=\"noopener\">leggi tutto \u00bb<\/a><\/strong>[\/vc_column_text][\/vc_column][\/vc_row][vc_row full_width=&#8221;stretch_row&#8221; css=&#8221;.vc_custom_1777390356123{margin-top: 10px !important;border-top-width: 10px !important;padding-top: 10px !important;padding-bottom: 50px !important;background-color: rgba(211,211,211,0.25) !important;*background-color: rgb(211,211,211) !important;}&#8221;][vc_column offset=&#8221;vc_hidden-xs&#8221;][vc_column_text]<\/p>\n<p style=\"text-align: center;\"><span style=\"font-family: Bebas Neue; font-size: 24pt; color: #f20530;\">tutti gLI SPETTACOLI<\/span><\/p>\n<p>[\/vc_column_text][vc_basic_grid post_type=&#8221;portfolio&#8221; max_items=&#8221;&#8221; element_width=&#8221;2&#8243; item=&#8221;13248&#8243; css=&#8221;&#8221; grid_id=&#8221;vc_gid:1777452540452-86182d4e-b5b2-7&#8243;][\/vc_column][\/vc_row][vc_row full_width=&#8221;stretch_row&#8221;][vc_column width=&#8221;1\/3&#8243;][\/vc_column][vc_column width=&#8221;1\/3&#8243;][vc_empty_space height=&#8221;50px&#8221;][vc_column_text css=&#8221;&#8221;]<\/p>\n<h2 style=\"text-align: center;\"><span style=\"font-family: Bebas Neue; font-size: 24pt; color: #f20530;\">TORINODANZA EXTRA 25\/26<\/span><\/h2>\n<p>[\/vc_column_text][\/vc_column][vc_column width=&#8221;1\/3&#8243;][\/vc_column][\/vc_row][vc_row full_width=&#8221;stretch_row&#8221; css=&#8221;.vc_custom_1777308071438{margin-top: 10px !important;border-top-width: 10px !important;padding-top: 10px !important;background-color: #FFFFFF !important;}&#8221;][vc_column width=&#8221;1\/2&#8243; offset=&#8221;vc_hidden-xs&#8221;][vc_column_text css=&#8221;&#8221;]<\/p>\n<h2>Torinodanza Extra: ULTIMO APPUNTAMENTO CON SILVIA GRIBAUDI E IL SUO <em>AMAZZONI<\/em>. SPETTACOLO INSERITO NEL<br \/>\ncartellone 2025\/2026 del Teatro Stabile di Torino<\/h2>\n<p>Nel cartellone 2025\/2026 del Teatro Stabile di Torino trovano spazio tre importanti appuntamenti che ampliano il dialogo tra teatro e danza contemporanea, in continuit\u00e0 con lo spirito di Torinodanza Festival: <em data-start=\"795\" data-end=\"811\">Juliet &amp; Romeo<\/em> di Ben Duke, <em data-start=\"829\" data-end=\"846\">Notte Morricone<\/em> di Marcos Morau \/ Aterballetto e <em data-start=\"884\" data-end=\"894\">Amazzoni<\/em> di Silvia Gribaudi.[\/vc_column_text][vc_btn title=&#8221;leggi tutto \u00bb&#8221; css=&#8221;&#8221; link=&#8221;url:https%3A%2F%2Fwww.torinodanzafestival.it%2F%3Fp%3D13667|title:Torinodanza%20Extra%3A&#8221;][\/vc_column][vc_column width=&#8221;1\/2&#8243;][vc_single_image image=&#8221;13670&#8243; img_size=&#8221;large&#8221; css=&#8221;&#8221;][\/vc_column][\/vc_row][vc_row full_width=&#8221;stretch_row&#8221; css=&#8221;.vc_custom_1681994331918{background-color: #f4112b !important;}&#8221;][vc_column width=&#8221;1\/2&#8243;][vc_empty_space height=&#8221;20px&#8221;][\/vc_column][vc_column width=&#8221;1\/2&#8243;][\/vc_column][\/vc_row][vc_row full_width=&#8221;stretch_row&#8221; css=&#8221;.vc_custom_1777308107531{background-color: #5B8ACF !important;}&#8221;][vc_column width=&#8221;1\/5&#8243;][\/vc_column][vc_column width=&#8221;1\/5&#8243;][\/vc_column][vc_column width=&#8221;1\/5&#8243; offset=&#8221;vc_hidden-xs&#8221;][lab_vc_social_networks display_type=&#8221;rounded-icons&#8221; colored=&#8221;text&#8221; css=&#8221;.vc_custom_1746784827751{margin-bottom: 0px !important;border-top-width: 0px !important;border-bottom-width: 0px !important;padding-top: 0px !important;padding-bottom: 0px !important;}&#8221;][vc_empty_space height=&#8221;20&#8243;][\/vc_column][vc_column width=&#8221;1\/5&#8243;][\/vc_column][vc_column width=&#8221;1\/5&#8243;][\/vc_column][\/vc_row][vc_row full_width=&#8221;stretch_row&#8221; css=&#8221;.vc_custom_1682000388352{background-color: rgba(211,211,211,0.25) !important;*background-color: rgb(211,211,211) !important;}&#8221;][vc_column width=&#8221;1\/4&#8243;][vc_empty_space height=&#8221;20&#8243;][vc_cta h2=&#8221;<\/p>\n<h3>La newsletter di TD<\/h3>\n<p>&#8221; h4=&#8221;Ricevi gli aggiornamenti sul festival in tempo reale&#8221; add_button=&#8221;bottom&#8221; btn_title=&#8221;iscriviti!&#8221; add_icon=&#8221;top&#8221; i_icon_linea=&#8221;icon-basic-mail&#8221; btn_link=&#8221;url:http%3A%2F%2Fwww.torinodanzafestival.it%2F%3Fpage_id%3D6086||target:%20_blank|&#8221;]Con la nostra newsletter resti sempre informato sugli appuntamenti, le novit\u00e0 e le proposte del festival. Per iscriversi bastano davvero pochi secondi.[\/vc_cta][\/vc_column][vc_column width=&#8221;1\/4&#8243;][vc_empty_space height=&#8221;20&#8243;][vc_cta h2=&#8221;<\/p>\n<h3>ACQUISTA ONLINE<\/h3>\n<p>&#8221; add_button=&#8221;bottom&#8221; btn_title=&#8221;vai allo store&#8221; add_icon=&#8221;top&#8221; i_icon_linea=&#8221;icon-ecommerce-ticket&#8221; css=&#8221;&#8221; btn_link=&#8221;url:http%3A%2F%2Fwww.torinodanzafestival.it%2F%3Fpage_id%3D6097|||&#8221;]<\/p>\n<div class=\"wpb_text_column wpb_content_element post-formatting \">\n<div class=\"wpb_wrapper\">\n<p>Accedi al nostro store e acquista abbonamenti e biglietti per l&#8217;edizione 2026.<\/p>\n<\/div>\n<\/div>\n<p>[\/vc_cta][\/vc_column][vc_column width=&#8221;1\/4&#8243;][vc_empty_space height=&#8221;20&#8243;][vc_cta h2=&#8221;<\/p>\n<h3>L&#8217;app di TD<\/h3>\n<p>&#8221; add_button=&#8221;bottom&#8221; btn_title=&#8221;scarica ora&#8221; add_icon=&#8221;top&#8221; i_icon_linea=&#8221;icon-basic-smartphone&#8221; btn_link=&#8221;url:http%3A%2F%2Fwww.torinodanzafestival.it%2F%3Fp%3D6931|||&#8221;]Scarica l&#8217;app ufficiale di Torinodanza festival. Potrai consultare\u00a0 il calendario degli spettacoli in scena e i dettagli di ogni evento, aggiornati in tempo reale.[\/vc_cta][\/vc_column][vc_column width=&#8221;1\/4&#8243;][vc_empty_space height=&#8221;20&#8243;][vc_cta h2=&#8221;<\/p>\n<h3>SERVIZIO NAVETTA<\/h3>\n<p>&#8221; add_button=&#8221;bottom&#8221; btn_title=&#8221;scopri di pi\u00f9&#8221; add_icon=&#8221;top&#8221; i_icon_linea=&#8221;icon-basic-anchor&#8221; btn_link=&#8221;url:http%3A%2F%2Fbooking.teatrostabiletorino.it%2Findex.php%2F2022%2F09%2F05%2Fnavetta-torinodanza-festival%2F|||&#8221;]<\/p>\n<div class=\"wpb_text_column wpb_content_element post-formatting \">\n<div class=\"wpb_wrapper\">\n<p>Per gli spettacoli in programma alle Fonderie Limone, \u00e8 possibile usufruire di una navetta, che effettuer\u00e0 una corsa 30 minuti prima dello spettacolo dalla fermata della metropolitana Bengasi. Il servizio \u00e8 garantito anche per il rientro. La navetta \u00e8 gratuita previa prenotazione online. Prenota il tuo posto, le navette di settembre sono attive<\/p>\n<\/div>\n<\/div>\n<p>[\/vc_cta][\/vc_column][\/vc_row][vc_row][vc_column][vc_text_separator title=&#8221;upcoming news&#8221; i_icon_fontawesome=&#8221;fa fa-circle&#8221; i_color=&#8221;grey&#8221; i_size=&#8221;sm&#8221; add_icon=&#8221;true&#8221;][\/vc_column][\/vc_row][vc_row][vc_column][lab_blog_posts columns=&#8221;4&#8243; hover_layer_icon=&#8221;animated-eye&#8221; blog_query=&#8221;size:4|order_by:date|order:DESC|post_type:,post|categories:1&#8243; image_size=&#8221;1100X700&#8243;][\/vc_column][\/vc_row][vc_column][\/vc_column][vc_column][\/vc_column][vc_column][\/vc_column][vc_column][\/vc_column]<\/p>\n<\/div>","protected":false},"excerpt":{"rendered":"<p>[vc_row full_width=&#8221;stretch_row_content_no_spaces&#8221; equal_height=&#8221;yes&#8221; content_placement=&#8221;middle&#8221; parallax=&#8221;content-moving-fade&#8221; css=&#8221;.vc_custom_1745319217429{margin-top: 0px !important;margin-right: 0px !important;margin-bottom: 0px !important;margin-left: 0px !important;border-top-width: 0px !important;border-right-width: 0px !important;border-bottom-width: 0px !important;border-left-width: 0px !important;padding-top: 0px !important;padding-right: 0px !important;padding-bottom: 0px !important;padding-left: 0px !important;background-position: center;background-repeat: no-repeat;background-size: cover !important;}&#8221;][vc_column css=&#8221;.vc_custom_1746785242888{margin-top: 0px !important;margin-bottom: 0px !important;border-top-width: 0px !important;border-bottom-width: 0px !important;padding-top: 0px !important;padding-bottom: 0px !important;}&#8221; offset=&#8221;vc_hidden-xs&#8221;][layerslider_vc id=&#8221;3&#8243;][\/vc_column][\/vc_row][vc_row full_width=&#8221;stretch_row_content_no_spaces&#8221; equal_height=&#8221;yes&#8221; content_placement=&#8221;middle&#8221; parallax=&#8221;content-moving-fade&#8221; css=&#8221;.vc_custom_1745319217429{margin-top: 0px&hellip;<\/p>\n","protected":false},"author":1,"featured_media":0,"parent":0,"menu_order":0,"comment_status":"closed","ping_status":"open","template":"","meta":{"_acf_changed":false,"footnotes":""},"class_list":["post-3590","page","type-page","status-publish","hentry"],"acf":[],"_links":{"self":[{"href":"https:\/\/www.torinodanzafestival.it\/index.php?rest_route=\/wp\/v2\/pages\/3590","targetHints":{"allow":["GET"]}}],"collection":[{"href":"https:\/\/www.torinodanzafestival.it\/index.php?rest_route=\/wp\/v2\/pages"}],"about":[{"href":"https:\/\/www.torinodanzafestival.it\/index.php?rest_route=\/wp\/v2\/types\/page"}],"author":[{"embeddable":true,"href":"https:\/\/www.torinodanzafestival.it\/index.php?rest_route=\/wp\/v2\/users\/1"}],"replies":[{"embeddable":true,"href":"https:\/\/www.torinodanzafestival.it\/index.php?rest_route=%2Fwp%2Fv2%2Fcomments&post=3590"}],"version-history":[{"count":860,"href":"https:\/\/www.torinodanzafestival.it\/index.php?rest_route=\/wp\/v2\/pages\/3590\/revisions"}],"predecessor-version":[{"id":14057,"href":"https:\/\/www.torinodanzafestival.it\/index.php?rest_route=\/wp\/v2\/pages\/3590\/revisions\/14057"}],"wp:attachment":[{"href":"https:\/\/www.torinodanzafestival.it\/index.php?rest_route=%2Fwp%2Fv2%2Fmedia&parent=3590"}],"curies":[{"name":"wp","href":"https:\/\/api.w.org\/{rel}","templated":true}]}}